30. Let c be d(w). Suppose -55 = -c*n + 79. What are the prime factors of n?
67
Let o(x) = 41*x**3 + 3*x**2 + 4*x - 70. List the prime factors of o(6).
2, 7, 13
What are the prime factors of 14663 - (4 + 4*35/(-20))?
2, 7333
Let j be (7 - 12)*(2 + (-46)/10). Suppose -3*o = 3*f + 36, -5 + j = -4*f. What are the prime factors of (5/2 + o/(-20))*29?
3, 29
Suppose 0 = 2*f - f - 2. Suppose -52 = -2*b - f*b + 4*g, 0 = -b - 2*g + 1. Suppose -b*y - 103 = -10*y. List the prime factors of y.
103
Let j = 150 + -238. List the prime factors of (-255)/(-34)*j/(-3).
2, 5, 11
What are the prime factors of (34 - 2)*(-16817)/(-67)?
2, 251
Suppose 3*x - 36 = -6*x. What are the prime factors of (1084/4)/(((-16)/(-4))/x)?
271
Suppose 0 = -5*k - 5*i - 45, 48 = -4*k + 4*i - 12. What are the prime factors of 147*(-5)/20*k?
3, 7
Let t(w) = -w**3 - 15*w**2 - 25*w + 20. Let r be t(-13). Suppose 22*p = r*p + 74745. What are the prime factors of 2 + p/21 + (-8)/28?
239
Suppose 3*s = -351 - 468. Let q = -159 - s. Let h = q - 45. List the prime factors of h.
3, 23
Let u(h) be the second derivative of 81*h**3/2 - 5*h**2/2 + h + 3. List the prime factors of u(1).
2, 7, 17
Let z(f) = 1702*f**3 + 3*f**2 + 18*f - 41. List the prime factors of z(2).
3, 19, 239
Let z = 145690 + -99856. Suppose 10584 = -47*i + z. List the prime factors of i.
2, 3, 5
Let j = -229 - -232. What are the prime factors of 6 - (-347 + 9/j)?
2, 5, 7
Let a(r) = 6*r**3 + 160*r**2 + 72*r - 5. What are the prime factors of a(-21)?
13477
Let a = 1483 + -1403. Let x = 58 + -134. Let u = a + x. What are the prime factors of u?
2
Let h = 2691 + 7298. What are the prime factors of h?
7, 1427
Let w = 138 + -136. List the prime factors of (-36900)/(-40)*w/3.
3, 5, 41
Suppose -14*q + 123*q = 298769. List the prime factors of q.
2741
Let z = 31650 + -16513. What are the prime factors of z?
15137
Let g = -655 + 3567. What are the prime factors of g?
2, 7, 13
Suppose -18*t - 3100526 = -58*t - 34*t. What are the prime factors of t?
11, 13, 293
Suppose 30*l + 10788 = 33*l. What are the prime factors of 76/(-28) - -3 - l/(-7)?
2, 257
Let k(z) be the second derivative of z**5/3 - z**4/12 - 8*z**3/3 + 9*z. Let t(u) be the second derivative of k(u). List the prime factors of t(1).
2, 19
Suppose 3*f = -j + 3*j - 20, -3*j = 3*f. What are the prime factors of 268 - (40/50)/(j/10)?
2, 7, 19
Suppose -33192 + 59156 = 12*i - 61276. List the prime factors of i.
2, 5, 727
Let y(b) = -b. Let f(n) = 7*n + 26. Let p(c) = f(c) - 3*y(c). Let q be p(-11). List the prime factors of ((-48)/14)/(6/q).
2, 3
Let p be 62/(-2 + (-320)/(-164)). Let s = -401 - p. What are the prime factors of s?
2, 3, 5, 29
Suppose 5*c - 728 = c. Suppose -3*r - c = 5*k + 137, -4*r + 2*k - 408 = 0. List the prime factors of (r/(-5) - 3)/(1/5).
2, 11
Suppose -5*f + 713 + 3872 = 0. Let i = f - 513. List the prime factors of i.
2, 101
Let i(h) = 11*h - 31. Suppose -3 + 2 = n. Let v be n/(-2) + -58*7/(-28). What are the prime factors of i(v)?
2, 67
Suppose -w = 2*k + 4*w - 28, k - 2*w + 4 = 0. Let h(r) = -16*r + 9. Let z(n) = 15*n - 9. Let x(b) = 3*h(b) + 4*z(b). What are the prime factors of x(k)?
3, 13
Let t(f) = -f**2 + 3*f + 40. Let r be t(7). Let o be (-9)/r*(64/6)/(-4). Suppose 2*n + o*n - 137 = -v, 138 = v + 5*n. List the prime factors of v.
7, 19
Suppose -22*s - 4389 = -3*s. What are the prime factors of ((-132)/198)/(1/s)?
2, 7, 11
Suppose -3*d - 12 = 0, -3*h + 6118 = -4*d - 9972. List the prime factors of h.
2, 3, 19, 47
Let w(b) = 1127*b**2 - 23*b + 12. Let a be w(4). Suppose 3*k = -19*k + a. What are the prime factors of k?
2, 3, 17
Suppose -39258 = -7*s - 5980. Suppose -9*j + s = -943. What are the prime factors of j?
3, 211
Suppose 12*y - 376 = -304. Suppose -f + y*f + r - 1528 = 0, 0 = -f + 4*r + 293. What are the prime factors of f?
5, 61
Let f be -3 + 12/6 + (-20424)/(-3). List the prime factors of (5 + 3)/(-32) + f/12.
3, 7
Let x(z) = -z**3 + 3*z**2 + z - 1. Let c be x(2). Let l be -1 - -2 - 2/c*-5. Suppose -s = -l*d + 331, -93 = -d + 4*s + 10. List the prime factors of d.
3, 37
Let d(i) = -2075*i - 2838. What are the prime factors of d(-5)?
7537
Let d(q) = 3020*q + 4762. List the prime factors of d(12).
2, 13, 19, 83
Suppose -13 = 2*g - 7, 4*v - 31 = 5*g. What are the prime factors of (v + -5)/((-6)/378)?
3, 7
Let w be (6 + 78/(-12))*-20. Suppose w*h - 10862 = -2302. What are the prime factors of h?
2, 107
Suppose -3*o - 2195 = -911. What are the prime factors of o/(-6) - 55/(-33)?
73
Let z(y) be the second derivative of 20*y**3/3 + 73*y**2/2 - 6*y - 4. What are the prime factors of z(16)?
23, 31
Let u = -3 + -4. Let r(n) = -30*n**2 + 179*n + 3. Let y be r(6). What are the prime factors of y/(u + 4) + 67?
2, 17
Let c = -69 - -74. Suppose h + 1418 = c*v, -v - h = 2*v - 854. What are the prime factors of v?
2, 71
Let p(d) = -8*d**2 - 1 + 16*d + 17*d**2 - 5*d**2 - d**3. Let i be p(7). What are the prime factors of ((-242)/(-5))/(i/(-90))?
11
Suppose -1537776 - 556288 = -15*p - 41*p. List the prime factors of p.
2, 7, 2671
Suppose 0 = -3*c + 15, 3*c = 4*b - 32 - 33. Suppose k = 5*p - b, -p + 19 = 2*p - 2*k. Suppose 0 = -4*n, -2 = -l + p*n + 39. List the prime factors of l.
41
Let c(z) = -313*z + 29. List the prime factors of c(-25).
2, 3, 7, 11, 17
Suppose 10*s = 38306 + 28304. List the prime factors of s.
6661
Let t = -6903 - -12559. List the prime factors of t.
2, 7, 101
Let f(g) = 62*g**2 - 3*g + 26*g - 9*g + 37 - 5*g. What are the prime factors of f(-3)?
2, 71
Suppose 0 = -4*q - s + 554, -42*q = -40*q - 4*s - 286. What are the prime factors of q?
139
Let h = -31 + 423. Let u = -176 + h. List the prime factors of u.
2, 3
Let l be (-2 - 28/5) + 8/(-20). Let j(m) = 6*m. Let d be j(l). List the prime factors of d/18*(-6)/16*62.
2, 31
Let c(q) = 1277*q + 16464. What are the prime factors of c(26)?
2, 19, 1307
Suppose -3*y - 5*q + 16560 = 0, -23*q = -4*y - 21*q + 22028. What are the prime factors of y?
2, 5, 19, 29
Let f(q) = 3*q + 23. Let r(g) = -g**2 - 4*g - 6. Let c be r(-4). Let b be f(c). Suppose -2*n = -319 + b. List the prime factors of n.
157
Let u(k) = -k**2 + 15*k + 37. Let z be u(17). Suppose 0 = 3*h - 14 - 1. Suppose z*m + 2*o = 492, -h*m + 4*o = -0*m - 820. What are the prime factors of m?
2, 41
Let v(b) = 522*b**3 + 2*b**2 + b - 3. Let y be 7 - (8 + -9 - -7). What are the prime factors of v(y)?
2, 3, 29
Suppose 0*j = 7*j + 28. Let x(m) = 48*m**2 + 50*m + 6. What are the prime factors of x(j)?
2, 7, 41
Suppose -3*k = p - 4813, -46*k = -44*k - 5*p - 3186. What are the prime factors of k?
7, 229
Let z be 1/(4/(-260)*-5). Suppose z*k + 40 = 924. List the prime factors of k.
2, 17
Let q(d) = -8*d - 8. Let a be q(-3). Let t = a - -36. List the prime factors of t.
2, 13
What are the prime factors of 8/(-140) - 658426/(-1330)?
3, 5, 11
Let f(r) = -r**3 + 8*r**2 - r + 23. Let z be f(8). What are the prime factors of (-1325)/z*(3 - 6)?
5, 53
Let s = -28 + 33. Let v(b) = -b + 24. Let y be v(s). Suppose k + y = 161. What are the prime factors of k?
2, 71
Suppose 0 = -2*f + f - 5*d - 23, 0 = 4*f + 4*d + 12. Suppose 0 = f*b - 0*b - 1394. What are the prime factors of b?
17, 41
Let r be (9 + -7 + -2)/1. Let h be 2/6 - (-485)/3. Suppose r = -t + h - 52. List the prime factors of t.
2, 5, 11
Let v(q) = 6*q + 5. Let y be v(2). Suppose 0 = -3*f - 2*j + 3*j - y, -5*j + 41 = -4*f. List the prime factors of -96*(f/(-10) - 230/200).
2, 3
Let m = -493 + -63. Let a = m - -902. What are the prime factors of a?
2, 173
Suppose -4*h - 47 = -23. List the prime factors of (-251522)/(-209) + h/(-11).
2, 7, 43
Let w(h) = 1188*h + 9298. List the prime factors of w(31).
2, 23063
Suppose 0 = -58*z + 80*z - 6864. Suppose -z*h = -311*h - 575. What are the prime factors of h?
5, 23
Let c = -70394 + 110423. List the prime factors of c.
3, 11, 1213
Let l(r) = -517*r + 3274. List the prime factors of l(-7).
61, 113
Suppose 3*o = -3*m - o + 1151, 1523 = 4*m + 3*o. Let i = 213 - m. Let y = 239 + i. List the prime factors of y.
3, 5
Let l = -1981 + 1985. Let k(v) = v + 9. Let y be k(-7). Suppose l*a + 10*j - 192 = 9*j, 55 = a + y*j. List the prime factors of a.
47
Suppose 0 = 4*w - 4*m - 40381 - 66643, -4*m - 80270 = -3*w. What are the prime factors of w?
2, 3, 7, 13
Let h(b) = -b**3 